{"id":962,"date":"2023-06-12T21:07:41","date_gmt":"2023-06-12T19:07:41","guid":{"rendered":"https:\/\/macadamproduction.com\/?post_type=product&#038;p=962"},"modified":"2023-09-27T18:21:59","modified_gmt":"2023-09-27T16:21:59","slug":"pantcha_indra","status":"publish","type":"product","link":"https:\/\/macadamproduction.com\/index.php\/product\/pantcha_indra\/","title":{"rendered":"Compagnie Pantcha Indra"},"content":{"rendered":"<p>La compagnie Pantcha Indra a pour objet de promouvoir le <strong>gamelan<\/strong> et la <strong>danse de Java et Bali<\/strong> par le biais d\u2019organisation de spectacles, d\u2019ateliers et d\u2019\u00e9v\u00e9nements \u00e0 caract\u00e8re artistique sous des formes diverses \u00e0 g\u00e9om\u00e9tries variables.<\/p>\n<p>Les productions artistiques de Pantcha Indra, exp\u00e9rimentent des formes traditionnelles et contemporaines. Les artistes, porteurs de projets au sein de l\u2019association, sont des personnes r\u00e9f\u00e9rentes dans le domaine des arts traditionnels javanais et balinais et se sont form\u00e9s aupr\u00e8s de ma\u00eetres et sp\u00e9cialistes durant plusieurs ann\u00e9es en Indon\u00e9sie. La compagnie invite r\u00e9guli\u00e8rement des artistes indon\u00e9siens, danseurs, marionnettistes, musiciens, compositeurs avec qui elle d\u00e9veloppe des projets de cr\u00e9ation.<\/p>\n<h4>Les ateliers offerts par la Compagnie Pantcha Indra:<\/h4>\n<p>&nbsp;<\/p>\n<ul>\n<li>theatre d&#8217;ombre :\u00ab Wayang Kulit \u00bb<\/li>\n<li>gamelan: ensemble d\u2019instruments en provenance d\u2019Indon\u00e9sie compos\u00e9 principalement de gongs et de m\u00e9tallophones en bronze pouvant \u00eatre jou\u00e9s jusqu\u2019\u00e0 une trentaine de musiciens.<\/li>\n<li>danse de Java et Bali<\/li>\n<\/ul>\n<div style=\"width: 1920px;\" class=\"wp-video\"><!--[if lt IE 9]><script>document.createElement('video');<\/script><![endif]-->\n<video class=\"wp-video-shortcode\" id=\"video-962-1\" width=\"1920\" height=\"1080\" preload=\"metadata\" controls=\"controls\"><source type=\"video\/mp4\" src=\"http:\/\/macadamproduction.com\/wp-content\/uploads\/2023\/09\/20230522_185403.mp4?_=1\" \/><a href=\"http:\/\/macadamproduction.com\/wp-content\/uploads\/2023\/09\/20230522_185403.mp4\">http:\/\/macadamproduction.com\/wp-content\/uploads\/2023\/09\/20230522_185403.mp4<\/a><\/video><\/div>\n","protected":false},"excerpt":{"rendered":"<p>La compagnie Pantcha Indra a pour objet de promouvoir le gamelan et la danse de Java et Bali par le biais d\u2019organisation de spectacles, d\u2019ateliers et d\u2019\u00e9v\u00e9nements \u00e0 caract\u00e8re artistique sous des formes diverses \u00e0 g\u00e9om\u00e9tries variables. Les productions artistiques de Pantcha Indra, exp\u00e9rimentent des formes traditionnelles et contemporaines. Les artistes, porteurs de projets au [&hellip;]<\/p>\n","protected":false},"featured_media":1301,"template":"","meta":{"_monsterinsights_skip_tracking":false,"_monsterinsights_sitenote_active":false,"_monsterinsights_sitenote_note":"","_monsterinsights_sitenote_category":0,"site-sidebar-layout":"default","site-content-layout":"default","ast-site-content-layout":"","site-content-style":"default","site-sidebar-style":"default","ast-global-header-display":"","ast-banner-title-visibility":"","ast-main-header-display":"","ast-hfb-above-header-display":"","ast-hfb-below-header-display":"","ast-hfb-mobile-header-display":"","site-post-title":"","ast-breadcrumbs-content":"","ast-featured-img":"","footer-sml-layout":"","theme-transparent-header-meta":"default","adv-header-id-meta":"","stick-header-meta":"","header-above-stick-meta":"","header-main-stick-meta":"","header-below-stick-meta":"","astra-migrate-meta-layouts":"default","ast-page-background-enabled":"default","ast-page-background-meta":{"desktop":{"background-color":"var(--ast-global-color-4)","background-image":"","background-repeat":"repeat","background-position":"center center","background-size":"auto","background-attachment":"scroll","background-type":"","background-media":"","overlay-type":"","overlay-color":"","overlay-gradient":""},"tablet":{"background-color":"","background-image":"","background-repeat":"repeat","background-position":"center center","background-size":"auto","background-attachment":"scroll","background-type":"","background-media":"","overlay-type":"","overlay-color":"","overlay-gradient":""},"mobile":{"background-color":"","background-image":"","background-repeat":"repeat","background-position":"center center","background-size":"auto","background-attachment":"scroll","background-type":"","background-media":"","overlay-type":"","overlay-color":"","overlay-gradient":""}},"ast-content-background-meta":{"desktop":{"background-color":"var(--ast-global-color-5)","background-image":"","background-repeat":"repeat","background-position":"center center","background-size":"auto","background-attachment":"scroll","background-type":"","background-media":"","overlay-type":"","overlay-color":"","overlay-gradient":""},"tablet":{"background-color":"var(--ast-global-color-5)","background-image":"","background-repeat":"repeat","background-position":"center center","background-size":"auto","background-attachment":"scroll","background-type":"","background-media":"","overlay-type":"","overlay-color":"","overlay-gradient":""},"mobile":{"background-color":"var(--ast-global-color-5)","background-image":"","background-repeat":"repeat","background-position":"center center","background-size":"auto","background-attachment":"scroll","background-type":"","background-media":"","overlay-type":"","overlay-color":"","overlay-gradient":""}}},"product_cat":[55,83,82],"product_tag":[],"aioseo_notices":[],"_links":{"self":[{"href":"https:\/\/macadamproduction.com\/index.php\/wp-json\/wp\/v2\/product\/962"}],"collection":[{"href":"https:\/\/macadamproduction.com\/index.php\/wp-json\/wp\/v2\/product"}],"about":[{"href":"https:\/\/macadamproduction.com\/index.php\/wp-json\/wp\/v2\/types\/product"}],"version-history":[{"count":6,"href":"https:\/\/macadamproduction.com\/index.php\/wp-json\/wp\/v2\/product\/962\/revisions"}],"predecessor-version":[{"id":1321,"href":"https:\/\/macadamproduction.com\/index.php\/wp-json\/wp\/v2\/product\/962\/revisions\/1321"}],"wp:featuredmedia":[{"embeddable":true,"href":"https:\/\/macadamproduction.com\/index.php\/wp-json\/wp\/v2\/media\/1301"}],"wp:attachment":[{"href":"https:\/\/macadamproduction.com\/index.php\/wp-json\/wp\/v2\/media?parent=962"}],"wp:term":[{"taxonomy":"product_cat","embeddable":true,"href":"https:\/\/macadamproduction.com\/index.php\/wp-json\/wp\/v2\/product_cat?post=962"},{"taxonomy":"product_tag","embeddable":true,"href":"https:\/\/macadamproduction.com\/index.php\/wp-json\/wp\/v2\/product_tag?post=962"}],"curies":[{"name":"wp","href":"https:\/\/api.w.org\/{rel}","templated":true}]}}